
Let r = -25 + 29. What is the highest common factor of r and 44?
4
Suppose 3*u = -0*u + 30. Let y be (0 - (-1)/2)*u. Suppose 0 = -h + 4*s + 13, -42 = -5*h + 2*s - y*s. What is the greatest common divisor of 3 and h?
3
Let k = 1012 + -513. Let s = -224 + k. What is the highest common factor of s and 25?
25
Suppose z - 1 = j, -5*z + 5*j + 3 = -2*z. What is the greatest common factor of z and 7?
1
Let f = 28 + -15. Calculate the greatest common factor of f and 104.
13
Suppose 11 = 3*s - 4. Suppose 9 - 39 = -s*v. Calculate the highest common factor of 4 and v.
2
Suppose 14*a - 233 - 299 = 0. Calculate the greatest common divisor of 19 and a.
19
Let m(g) = 9*g - 1. Suppose 0 = 2*q - 2. Let f be m(q). Suppose 0 = -3*k - 2*k + 5. What is the highest common factor of k and f?
1
Suppose 6*z = 2*z + 4, k + 5*z - 6 = 0. Let t = k - -5. Calculate the greatest common divisor of t and 42.
6
Let r be (-1)/(3/(-141)) + -2. Calculate the greatest common factor of r and 30.
15
Let q be ((2 + -1)/2)/(9/252). Calculate the highest common factor of 154 and q.
14
Suppose 0 = 2*z - n - 50, 2*z - 3*z - 4*n + 16 = 0. Calculate the highest common divisor of 32 and z.
8
Let r(d) = d**2 - 3*d - 4. Let h be r(-5). What is the highest common divisor of h and 6?
6
Let l = -3 - -5. Suppose 4*b = 5*w + 101 + 8, -5*w - 47 = -l*b. What is the greatest common divisor of b and 31?
31
Let k be (16/4)/(1/(-2)). Let p be (-426)/k + (-6)/(-8). Suppose 5*r = -21 + 111. Calculate the greatest common divisor of r and p.
18
Suppose -4*j - 2 = 10. Let t = 7 + j. Suppose -z - z - 5*a + 4 = 0, 3*a + 34 = t*z. What is the greatest common factor of 35 and z?
7
Let k(h) = h**3 + 2*h**2 - 4*h - 1. Let m be k(-3). What is the greatest common factor of 16 and m?
2
Let s(m) = m**2 + 11*m - 5. Let x(v) = -v**2 - 11*v + 5. Let j(c) = 7*s(c) + 6*x(c). Let t be j(-12). Calculate the highest common factor of 7 and t.
7
Let k(w) = 4*w - 3. Suppose -3*u + 4 = -u. Let q be k(u). Suppose c + q*v = 4*c - 190, c - 66 = 3*v. Calculate the greatest common factor of 12 and c.
12
Suppose 64 + 36 = 5*w. What is the greatest common factor of w and 50?
10
Suppose -4*b = 3*k - 47, 0 = 2*b - 4*b - 5*k + 27. Let l be 28/2 - 33/b. What is the highest common factor of l and 121?
11
Suppose 2*a - 4*a + 74 = 0. Let k = a - -38. What is the highest common divisor of k and 30?
15
Let k = -4 + 4. Suppose -5*g + 3*g = 2*p, -5*g + p + 24 = 0. Suppose -75 = -5*d - g*n + 45, k = d + 4*n - 24. Calculate the greatest common divisor of d and 8.
8
Suppose 3*p - 3 = -48. Let j be 2 + (p - 1)/(-2). Let y(n) = -12*n + 2. Let l be y(-9). Calculate the greatest common divisor of l and j.
10
Let l be 939/12 - 2/8. Suppose 0*h = 3*h + 51. Let q be (h - -16)/((-2)/26). Calculate the greatest common factor of l and q.
13
Let h be 10/(-2)*(1 - 2). Let f = -90 + 233. Suppose f = 4*q - 3*d, -2*q + 2*d + 71 = d. What is the greatest common divisor of h and q?
5
Let b be (-1)/(3/(-24) - 0). Calculate the highest common divisor of b and 12.
4
Let l be (-52)/(-4) + 1 + 0. Let q = l + 6. Calculate the highest common factor of 10 and q.
10
Suppose -3*l = -5*l - 18. Let b(d) = d**3 + 10*d**2 + 5*d - 12. Let q be b(l). Calculate the greatest common divisor of 8 and q.
8
Let t be (-8)/20 - 154/(-10). Let f = t - -5. Calculate the highest common factor of 10 and f.
10
Let c be 24/14 + (-8)/(-28). Suppose 5*m - 1 = 2*g - 2, -c*m - 29 = -3*g. Let f be 1 + (-1 - (-117 + 0)). What is the greatest common factor of g and f?
13
Suppose -4 = 5*v + 2*l, 5*v = 3*l + 3 + 3. Suppose v*m + 12 = m. What is the greatest common factor of m and 18?
6
Suppose 4*g + 2*q - 44 = 0, 0*g + 5*q - 14 = -2*g. Let t = -46 - -67. Suppose -g = 4*n, 2*n - n - t = -4*j. Calculate the highest common factor of 36 and j.
6
Let h(p) = 2*p**2 + 6*p + 3. Let y = -3 - 1. Let l be h(y). Calculate the greatest common divisor of l and 11.
11
Let y(h) = 3*h**2 + 11*h + 26. Let p be y(-4). What is the highest common divisor of p and 150?
30
Let p = 7 - 7. Suppose p*b - 352 = -4*b. Let i = -14 + 22. What is the highest common factor of i and b?
8
Let p be ((-12)/14)/((-3)/21). Suppose 3*n = -3*i + p*n + 6, 5*i + 3*n = 50. What is the greatest common divisor of i and 77?
7
Let i(p) = -3*p**2 + 13*p - 6. Let c(z) = z**2 - 6*z + 3. Let d(n) = -7*c(n) - 3*i(n). Let h be d(-3). Calculate the greatest common divisor of 9 and h.
3
Let t = 129 - 57. Let x = t - 40. What is the highest common divisor of x and 4?
4
Let m(o) = o**3 + 10*o**2 - 11*o - 6. Let p be (-16)/(-56) - (-256)/(-14). Let i = p - -8. Let l be m(i). What is the highest common factor of l and 13?
13
Suppose 5*i + 2 = 3*j + 3*i, 4*j = -2*i - 2. Suppose -2*t - t + 6 = 3*x, -3*t = -4*x + 22. Let p = x - j. What is the greatest common factor of p and 6?
2
Let x be (-9 - -1)/(-2 - 0). Calculate the highest common factor of x and 28.
4
Let q be -5 - (-10 + 4 + -3). Let b be 4 + -3 + 7/1. Calculate the greatest common factor of q and b.
4
Let l(a) = -a**2 - 27*a - 52. Let g be l(-16). What is the highest common divisor of 186 and g?
62
Let r be 7 + (-4)/2 - 2. Let z = 4 - r. Let k be (-1)/z + (-25)/(-5). What is the highest common factor of k and 4?
4
Let y be ((-12)/15)/((-1)/5). Let o be (4/6)/(y/6). What is the greatest common factor of 5 and o?
1
Suppose 4*p = 3*p + 11. Suppose -7 = -2*n - 1. Let j be 298/n + 1/(-3). What is the highest common factor of p and j?
11
Let x be -3*(-1 - 5/3). Let v(r) = -2*r**2 + 3*r + 2. Let q be v(x). Let u be (-2)/6 - q/9. What is the highest common divisor of u and 22?
11
Suppose -2*s = 2*t - 78, 5*t + 2*s = 25 + 161. Let c = 24 + 0. Calculate the greatest common divisor of t and c.
12
Suppose -2*k - k + 27 = 0. Suppose z - k = 15. What is the greatest common divisor of 12 and z?
12
Let g = 16 + -4. Suppose -5*r = 414 - 1074. Calculate the greatest common divisor of r and g.
12
Suppose 0 = -3*p - 2*w + 13, -p + 3*w - 3 = -0. Calculate the greatest common factor of p and 27.
3
Let i(o) = -2*o. Let u be i(-3). Calculate the greatest common divisor of u and 3.
3
Suppose 0 = -4*t + 2*y + 8, 3*t = -0*t + 2*y + 6. What is the greatest common divisor of 8 and t?
2
Let i = -7 + 7. Suppose i = 3*g - 0*g - 15. Suppose -2*q = 3*q - 3*s - 129, 57 = 3*q + g*s. What is the greatest common factor of 12 and q?
12
Let p(z) = z**3 + 15*z**2 + 14*z + 16. Let b be p(-14). Suppose 4*o - 2*o = 288. Calculate the greatest common divisor of o and b.
16
Suppose 4*f + 12 = 0, -6*a - 3*f = -4*a - 101. Suppose s + 2 = 7. What is the greatest common divisor of s and a?
5
Let t be (-67)/(-67)*(1 + -1 + 2). What is the greatest common divisor of 16 and t?
2
Let y(o) = -6*o**2 + 1. Let t be y(-1). Let a = t + 8. Suppose i - 6 - a = 0. Calculate the highest common factor of 3 and i.
3
Suppose 2*u - u - b + 40 = 0, 232 = -5*u - 3*b. Let o = -26 - u. Calculate the greatest common divisor of 12 and o.
6
Let g be (142/2)/1 + -3. Suppose -4*w - 12 + g = 0. Calculate the greatest common factor of 126 and w.
14
Let x(n) = -2*n - 7. Let r be x(-10). Calculate the highest common divisor of 104 and r.
13
Let b = -64 + 72. What is the greatest common factor of b and 40?
8
Let q(l) = -2*l**2 - l - 3. Let u be q(-3). Suppose 216 = -j + 5*j. Let h = j + u. Calculate the greatest common divisor of h and 12.
12
Let n be (2/4)/(4/112). Let m(g) = g**3 - 14*g**2 + g + 14. Let f be m(n). Calculate the highest common divisor of 70 and f.
14
Suppose r + b = -0 + 69, 2*b = 3*r - 222. Suppose 0 = -4*m - 3*m + 56. Calculate the greatest common divisor of r and m.
8
Let f be 1 - ((-4)/1 - 74). Let j = f - 2. What is the greatest common factor of 11 and j?
11
Suppose 5*k - 4*m - 552 = 0, 3*k - m - 327 = -0*k. Let d = -1 - -13. What is the greatest common factor of k and d?
12
Let a(y) = -2*y. Let p be a(-2). Suppose -5*h = -64 + 4. What is the greatest common divisor of h and p?
4
Let k be (-1 + 1)/(4/(-4)). Suppose 3*b - 4*b + 65 = k. What is the highest common divisor of 13 and b?
13
Let w = 122 - 64. Calculate the greatest common factor of w and 145.
29
Let g = 21 - -11. What is the highest common factor of g and 8?
8
Suppose -2*r + 5 + 5 = 0. Suppose 4*h - 2*l - 67 = 27, -h + 19 = -2*l. What is the greatest common factor of h and r?
5
Let a = 104 + -36. Wh